/(-3))/((-11)/s) - -19.
18
Let b be (-4 + (-5 - -2))*-1. Suppose -b*f + 8 - 29 = 0. Calculate the remainder when 55 is divided by (f - (-1 - 1)) + 21.
15
Let h = -296 + 298. Suppose -51 = 4*p - 5*p + h*o, -4*p = -4*o - 188. What is the remainder when 212 is divided by p?
40
Let k(m) = -m**3 + m**2 + m + 58. What is the remainder when -20*17/(-1020) - (-4098)/18 is divided by k(0)?
54
Let j(s) = s**2 + 62*s + 280. What is the remainder when 1635 is divided by j(-64)?
3
Let p be (3 - (-4 - -4))/(15/10). Suppose p*y - 6*y + 2*f = -28, -4*f = 3*y + 1. Calculate the remainder when y is divided by (0 - -5) + -2*1.
2
Let o = -38 + 234. Calculate the remainder when o is divided by ((-8)/6)/((-10)/(-25))*(-33060)/2204.
46
What is the remainder when -1 + 204/12 + 1707 is divided by 96?
91
Let i = 9245 + -9150. Calculate the remainder when i is divided by 88.
7
Let k = -7 - -17. Suppose 4*u = 5*n - 30, 0 = 16*n - 18*n + 5*u - 22. What is the remainder when n is divided by k?
4
Suppose -13*v = -3*o - 185 - 16, -2*o = 3*v - 76. Let q = 311 + -194. What is the remainder when q is divided by v?
9
What is the remainder when 627 is divided by (5 - -5) + -8 + -10 + 22?
11
Let f be (-46)/6*(-33 - -30). Suppose 0 = -0*r - f*r + 782. What is the remainder when 220 is divided by r?
16
Let z = -950 - -730. Let o = -132 - z. Calculate the remainder when o is divided by 25.
13
Let x(g) = -30*g - 1061. Let s(u) = 4*u**2 + 3*u - 2. What is the remainder when x(-38) is divided by s(3)?
36
Suppose -845 = -27*h - 116. What is the remainder when 577 is divided by h?
10
Let c(k) = -k - 1. Let q be c(-1). Suppose q = -0*f + f - 2*j - 4, 4*f = 5*j + 22. Suppose f + 124 = 11*o. Calculate the remainder when 59 is divided by o.
11
Suppose -5128 = 62*x - 7980. Calculate the remainder when 5488/20 + (-2)/5 is divided by x.
44
Let l(t) = 3*t**2 + 8*t - 5. Let i be l(2). Suppose -i*z - 22 = -25*z. Suppose -o = -z - 14. Calculate the remainder when 99 is divided by o.
24
Let o(p) = 25*p + 151. Calculate the remainder when o(0) is divided by ((5 + -6)*-2)/(4/34).
15
Let i = 388 + -372. What is the remainder when 60 is divided by -1 - 97/(-3) - i/(-24)?
28
Let m = 17199 - 16920. What is the remainder when 8367 is divided by m?
276
Suppose -3*l + 5*d + 13 - 22 = 0, 5*l + d = 13. Suppose 2*s + 172 = 5*h, 84 + 16 = 3*h - l*s. What is the remainder when 69 is divided by h?
33
Suppose -3*m + 3810 = 3786. Let i = 0 + -9. Calculate the remainder when ((-3)/i)/((-3)/(-135)) is divided by m.
7
Suppose 0 = 4*k - 216*l + 213*l - 2200, 0 = 4*l. What is the remainder when k is divided by 37?
32
Let h = -19 + 31. Suppose -4*x + 88 = 4*j, 0*j + 2*j + x = 43. Calculate the remainder when j is divided by h.
9
Suppose 3*l - 3*i - 555 = 0, 0 = -3*l + 4*i + 311 + 242. Let q = l - 120. Suppose a - 2*y - y = 9, -3*a + q = y. What is the remainder when 59 is divided by a?
17
Suppose -5*m - 11*x - 1447 = -12*x, 0 = -m - 5*x - 279. Let p = m - -312. Suppose 103 = 2*y - 29. Calculate the remainder when y is divided by p.
20
Let f = -38 - -59. Suppose k - 7 = t, -k + 5*t + 6 + f = 0. What is the remainder when 19 is divided by k/(-42)*3 + (-156)/(-14)?
8
Let k(i) = -i + 14. Let n be k(13). Let y = 7 - n. Suppose -y*j + 3*j + 4*p = -71, 3*p = -15. What is the remainder when j is divided by 6?
5
Suppose -81 = 5*n - 3*s, 2*n + 98*s = 95*s - 45. Let p(x) = -3*x**3 - 53*x**2 + 4*x - 110. Let v = 64 - 28. Calculate the remainder when p(n) is divided by v.
34
Let g = -169 + 169. Suppose g = -14*f + 12*f + 60. What is the remainder when 59 is divided by f?
29
Let y(b) = 78*b**2 + 305*b - 22. Calculate the remainder when (138/(-9))/((-4)/6) is divided by y(-4).
5
Let q = 492 + -381. Calculate the remainder when q is divided by 108.
3
What is the remainder when 292 is divided by ((-81)/(-33) + 4 - 7) + (-3048)/(-22)?
16
Suppose 17*h + 31*h = 580 + 1820. Calculate the remainder when 145 is divided by h.
45
Suppose 2*h = 7*h - 95. Let z(w) = -18*w**3 - 3 - 17*w - 11*w**2 + 26*w**2 + h*w**3. Calculate the remainder when z(-16) is divided by 3.
1
Let i(t) = -21*t**3 - t**2 + 3*t. Let y be i(-2). Let z = y + -113. Calculate the remainder when 175 is divided by z.
40
Calculate the remainder when 2571 is divided by (110/50)/(4/60).
30
Suppose -4*s = -401 - 459. What is the remainder when s is divided by (-407 - -408)/(1/7)?
5
Let v be (-16)/(-6)*9/2. Let r(z) = -z**3 - 13*z**2 - 33*z + 37. Let p be r(-9). Suppose 7*t = v*t - p. Calculate the remainder when 5 is divided by t.
1
Let y = -122 + 134. Let q(l) = l + 27. What is the remainder when 193 is divided by q(y)?
37
Let d = -32 - -62. Let m = -31690 - -31805. Calculate the remainder when m is divided by d.
25
Let o(w) = 746*w - 1273. What is the remainder when 473 is divided by o(2)?
35
Let v = -46 + 61. Suppose 0 = -5*k - 3*n - n - 9, -k + n = 9. Calculate the remainder when 45 is divided by (-8)/((k/v)/((-2)/(-4))).
9
Let n(k) = -2*k**2 + 9*k + 3. Suppose 3*v = 3*r - 30, -4*r + 30 = -3*v - 5. Suppose 7*u - r*u - 68 = 0. Calculate the remainder when u is divided by n(4).
6
Let d = -564 - -574. Calculate the remainder when ((-2636)/d + (-105)/(-175))*-1 is divided by 38.
35
Let y(s) = -s**3 + 31*s**2 - 107*s + 8. What is the remainder when 1256 is divided by y(27)?
31
Let j(m) = 43*m**3 - 4*m**2 - 3*m + 6. Calculate the remainder when 1841 is divided by j(1).
35
Suppose c + 18 = 3*c. Let i = -342 - -348. Suppose -o - i = -c. Calculate the remainder when 6 is divided by o.
0
Let y(l) = 100*l + 1434. What is the remainder when 650 is divided by y(-14)?
4
Suppose -33 = -3*z - 8*z. What is the remainder when -1 + z*85/3 is divided by 17?
16
Suppose -180*m = -36*m + 120*m - 250800. What is the remainder when m is divided by 239?
233
Suppose 3*y + 569 = q - 587, 12 = -2*y. Calculate the remainder when q is divided by 99.
49
Let l(t) = -t**2 - 12*t - 23. Let w be (-6)/12 - (-122)/4. Suppose w = r + r. What is the remainder when r is divided by l(-8)?
6
Let l = 45 + -25. Let n(p) = 2*p**2 + 61*p + 368. Let t be n(-25). Suppose u = -2*d + 45, -2*d = 2*d + 3*u - t. What is the remainder when d is divided by l?
1
Let g(j) = 2*j**3 - 49*j**2 - 25*j + 2. Let u be g(25). What is the remainder when 21 - (3 + u + -6) is divided by 4?
2
Let c = -607 - -2176. What is the remainder when c is divided by 131?
128
Suppose 2*t - 3111 = 19*t. Let c = t - -201. Calculate the remainder when 45 is divided by c.
9
Suppose -3*k - 537 = -0*k + 3*r, 0 = 4*k + 3*r + 715. Let i = -107 - k. Let u(c) = c**3 + 5*c**2 - 1. Calculate the remainder when i is divided by u(-4).
11
Suppose 2*p = -4*l - 0*l + 202, -4*p + 164 = 3*l. Let r(h) = h**2 + 16*h - 44. Let a = 97 - 116. Calculate the remainder when l is divided by r(a).
9
Suppose -23*u = 5*w - 21*u - 21, -4*w + 5*u = 3. Calculate the remainder when (44*4/(-40))/(w/(-15)) is divided by 6.
4
Let s = 53 - 53. Let f(r) = 2 - 3*r + r**2 + 0*r + s*r + 4*r**2. What is the remainder when f(1) is divided by 2?
0
Let f be (76/16)/(((-4)/1)/(-16)). Suppose -4*r = -5*h + 172, -23*h + 4*r + 140 = -f*h. What is the remainder when 255 is divided by h?
31
Let b = -315 - -377. Suppose -4*m - 5*z + 77 = -124, 2*m - z = 83. Let j = m + -12. What is the remainder when b is divided by j?
30
Let r = 13438 + -13345. Calculate the remainder when r is divided by 89.
4
Let z(m) = 5*m**3 - 27*m**2 - 21*m + 60. What is the remainder when 6424 is divided by z(6)?
40
What is the remainder when (14 + -12)/2 - 2*-148 is divided by 288?
9
What is the remainder when ((-7353)/(-21) - (-5)/(-35)) + 8 is divided by 6?
4
What is the remainder when (-73)/3*(-1*12)/((-159)/(-477)) is divided by 40?
36
Suppose 2*z + 18 = -3*j - 13, 2*j - z = -30. Let t = j - -30. What is the remainder when 76*(-57)/(-54) + (-114)/513 is divided by t?
12
Suppose -21*g = -132 - 81 - 291. Calculate the remainder when g is divided by 20.
4
Let u(l) = -l**3 - 13*l**2 - 52*l - 595. Calculate the remainder when 152 is divided by u(-13).
71
Suppose 4*z = -285*b + 280*b + 4509, b = z - 1134. Calculate the remainder when z is divided by 103.
101
Let u(s) = 128*s**3 + s**2 - 10*s + 8. Calculate the remainder when u(1) is divided by 82.
45
Let c = 32 - 23. Suppose 0 = -0*i - c*i - 54. Let k(x) = -x**2 - 7*x - 4. Calculate the